{"id":80,"date":"2024-10-21T16:07:12","date_gmt":"2024-10-21T14:07:12","guid":{"rendered":"https:\/\/www.gitetigwen-plonevezdufaou.com\/?page_id=80"},"modified":"2026-03-07T14:49:33","modified_gmt":"2026-03-07T13:49:33","slug":"autour-du-gite","status":"publish","type":"page","link":"https:\/\/www.gitetigwen-plonevezdufaou.com\/index.php\/autour-du-gite\/","title":{"rendered":"Autour de Plon\u00e9vez du Faou"},"content":{"rendered":"\n<div class=\"wp-block-columns is-layout-flex wp-container-core-columns-is-layout-9d6595d7 wp-block-columns-is-layout-flex\">\n<div class=\"wp-block-column is-layout-flow wp-block-column-is-layout-flow\">\n<figure class=\"wp-block-image size-full\"><img loading=\"lazy\" decoding=\"async\" width=\"600\" height=\"600\" src=\"https:\/\/www.gitetigwen-plonevezdufaou.com\/wp-content\/uploads\/2024\/10\/huelgoat.jpg\" alt=\"La for\u00eat du Huelgoat et son chaos. Le champignon\" class=\"wp-image-86\" srcset=\"https:\/\/www.gitetigwen-plonevezdufaou.com\/wp-content\/uploads\/2024\/10\/huelgoat.jpg 600w, https:\/\/www.gitetigwen-plonevezdufaou.com\/wp-content\/uploads\/2024\/10\/huelgoat-300x300.jpg 300w, https:\/\/www.gitetigwen-plonevezdufaou.com\/wp-content\/uploads\/2024\/10\/huelgoat-150x150.jpg 150w\" sizes=\"auto, (max-width: 600px) 100vw, 600px\" \/><figcaption class=\"wp-element-caption\">La for\u00eat du Huelgoat et son Chaos, photo du champignon<\/figcaption><\/figure>\n<\/div>\n\n\n\n<div class=\"wp-block-column is-layout-flow wp-block-column-is-layout-flow\">\n<figure class=\"wp-block-image size-full\"><img loading=\"lazy\" decoding=\"async\" width=\"410\" height=\"307\" src=\"https:\/\/www.gitetigwen-plonevezdufaou.com\/wp-content\/uploads\/2026\/03\/20260102_101034-1.jpg\" alt=\"Les monts d'Arr\u00e9e, St Michel de Brasparts\" class=\"wp-image-190\" srcset=\"https:\/\/www.gitetigwen-plonevezdufaou.com\/wp-content\/uploads\/2026\/03\/20260102_101034-1.jpg 410w, https:\/\/www.gitetigwen-plonevezdufaou.com\/wp-content\/uploads\/2026\/03\/20260102_101034-1-300x225.jpg 300w\" sizes=\"auto, (max-width: 410px) 100vw, 410px\" \/><figcaption class=\"wp-element-caption\">Les monts d&rsquo;Arr\u00e9e, St Michel de Brasparts<\/figcaption><\/figure>\n<\/div>\n<\/div>\n\n\n\n<div class=\"wp-block-columns is-layout-flex wp-container-core-columns-is-layout-9d6595d7 wp-block-columns-is-layout-flex\">\n<div class=\"wp-block-column is-layout-flow wp-block-column-is-layout-flow\">\n<figure class=\"wp-block-image size-full\"><img loading=\"lazy\" decoding=\"async\" width=\"576\" height=\"768\" src=\"https:\/\/www.gitetigwen-plonevezdufaou.com\/wp-content\/uploads\/2024\/10\/P1040750.jpg\" alt=\"Vall\u00e9e des Saints, statue de Ste Gwenn\" class=\"wp-image-85\" srcset=\"https:\/\/www.gitetigwen-plonevezdufaou.com\/wp-content\/uploads\/2024\/10\/P1040750.jpg 576w, https:\/\/www.gitetigwen-plonevezdufaou.com\/wp-content\/uploads\/2024\/10\/P1040750-225x300.jpg 225w\" sizes=\"auto, (max-width: 576px) 100vw, 576px\" \/><figcaption class=\"wp-element-caption\">La vall\u00e9e des Saints, la statue de Ste Gwenn<\/figcaption><\/figure>\n<\/div>\n\n\n\n<div class=\"wp-block-column is-layout-flow wp-block-column-is-layout-flow\">\n<p>Plon\u00e9vez du Faou \u00e0 1\/2 heure de la for\u00eat du Huelgoat, des monts d&rsquo;Arr\u00e9e, de Tr\u00e9varez et des enclos paroissiaux.<\/p>\n\n\n\n<p>A 40 mn de la vall\u00e9e des Saints<\/p>\n\n\n\n<p>A 1 heure de Crozon et sa presqu&rsquo;\u00eele, de Concarneau, Roscoff, Locronan.<\/p>\n\n\n\n<p>A 1h1\/2 de la pointe du Raz et de St Mathieu.<\/p>\n<\/div>\n<\/div>\n\n\n\n<div class=\"wp-block-columns is-layout-flex wp-container-core-columns-is-layout-9d6595d7 wp-block-columns-is-layout-flex\">\n<div class=\"wp-block-column is-layout-flow wp-block-column-is-layout-flow\">\n<figure class=\"wp-block-image size-large\"><img loading=\"lazy\" decoding=\"async\" width=\"1024\" height=\"768\" src=\"https:\/\/www.gitetigwen-plonevezdufaou.com\/wp-content\/uploads\/2024\/10\/DSCN4450-1024x768.jpg\" alt=\"Chaos de Mardoul \u00e0 Br\u00e9nilis\" class=\"wp-image-83\" srcset=\"https:\/\/www.gitetigwen-plonevezdufaou.com\/wp-content\/uploads\/2024\/10\/DSCN4450-1024x768.jpg 1024w, https:\/\/www.gitetigwen-plonevezdufaou.com\/wp-content\/uploads\/2024\/10\/DSCN4450-300x225.jpg 300w, https:\/\/www.gitetigwen-plonevezdufaou.com\/wp-content\/uploads\/2024\/10\/DSCN4450-768x576.jpg 768w, https:\/\/www.gitetigwen-plonevezdufaou.com\/wp-content\/uploads\/2024\/10\/DSCN4450-1536x1152.jpg 1536w, https:\/\/www.gitetigwen-plonevezdufaou.com\/wp-content\/uploads\/2024\/10\/DSCN4450-2048x1536.jpg 2048w\" sizes=\"auto, (max-width: 1024px) 100vw, 1024px\" \/><figcaption class=\"wp-element-caption\">Le chaos de Mardoul sur la commune de Br\u00e9nilis dans les monts d&rsquo;Arr\u00e9e<\/figcaption><\/figure>\n<\/div>\n\n\n\n<div class=\"wp-block-column is-layout-flow wp-block-column-is-layout-flow\">\n<figure class=\"wp-block-image size-full\"><img loading=\"lazy\" decoding=\"async\" width=\"280\" height=\"187\" src=\"https:\/\/www.gitetigwen-plonevezdufaou.com\/wp-content\/uploads\/2024\/10\/280px-Facade_Nord_Trevarez.jpg\" alt=\"Ch\u00e2teau de Tr\u00e9varez \u00e0 St Goazec\" class=\"wp-image-81\"\/><figcaption class=\"wp-element-caption\">Le ch\u00e2teau de Tr\u00e9varez et son parc, commune de St Goazec<\/figcaption><\/figure>\n<\/div>\n<\/div>\n\n\n\n<div class=\"wp-block-columns is-layout-flex wp-container-core-columns-is-layout-9d6595d7 wp-block-columns-is-layout-flex\">\n<div class=\"wp-block-column is-layout-flow wp-block-column-is-layout-flow\">\n<figure class=\"wp-block-image size-large\"><img loading=\"lazy\" decoding=\"async\" width=\"1024\" height=\"768\" src=\"https:\/\/www.gitetigwen-plonevezdufaou.com\/wp-content\/uploads\/2026\/03\/P1030887-1024x768.jpg\" alt=\"Presqu'\u00eele de Crozon, la falaise\" class=\"wp-image-222\" srcset=\"https:\/\/www.gitetigwen-plonevezdufaou.com\/wp-content\/uploads\/2026\/03\/P1030887-1024x768.jpg 1024w, https:\/\/www.gitetigwen-plonevezdufaou.com\/wp-content\/uploads\/2026\/03\/P1030887-300x225.jpg 300w, https:\/\/www.gitetigwen-plonevezdufaou.com\/wp-content\/uploads\/2026\/03\/P1030887-768x576.jpg 768w, https:\/\/www.gitetigwen-plonevezdufaou.com\/wp-content\/uploads\/2026\/03\/P1030887-1536x1152.jpg 1536w, https:\/\/www.gitetigwen-plonevezdufaou.com\/wp-content\/uploads\/2026\/03\/P1030887-2048x1536.jpg 2048w, https:\/\/www.gitetigwen-plonevezdufaou.com\/wp-content\/uploads\/2026\/03\/P1030887-1568x1176.jpg 1568w\" sizes=\"auto, (max-width: 1024px) 100vw, 1024px\" \/><figcaption class=\"wp-element-caption\">bord de c\u00f4tes de la presqu&rsquo;\u00eele de Crozon<\/figcaption><\/figure>\n<\/div>\n\n\n\n<div class=\"wp-block-column is-layout-flow wp-block-column-is-layout-flow\">\n<figure class=\"wp-block-image size-full\"><img loading=\"lazy\" decoding=\"async\" width=\"547\" height=\"410\" src=\"https:\/\/www.gitetigwen-plonevezdufaou.com\/wp-content\/uploads\/2026\/03\/enclos-saint-thegonnec_8.jpg\" alt=\"Enclos paroissiaux, \u00e9glise de St Th\u00e9gonnec\" class=\"wp-image-221\" srcset=\"https:\/\/www.gitetigwen-plonevezdufaou.com\/wp-content\/uploads\/2026\/03\/enclos-saint-thegonnec_8.jpg 547w, https:\/\/www.gitetigwen-plonevezdufaou.com\/wp-content\/uploads\/2026\/03\/enclos-saint-thegonnec_8-300x225.jpg 300w\" sizes=\"auto, (max-width: 547px) 100vw, 547px\" \/><figcaption class=\"wp-element-caption\">L&rsquo;\u00e9glise de St Th\u00e9gonnec et son enclos paroissial<\/figcaption><\/figure>\n<\/div>\n<\/div>\n\n\n\n<div class=\"wp-block-columns is-layout-flex wp-container-core-columns-is-layout-9d6595d7 wp-block-columns-is-layout-flex\">\n<div class=\"wp-block-column is-layout-flow wp-block-column-is-layout-flow\"><\/div>\n\n\n\n<div class=\"wp-block-column is-layout-flow wp-block-column-is-layout-flow\"><\/div>\n<\/div>\n","protected":false},"excerpt":{"rendered":"<p>Plon\u00e9vez du Faou \u00e0 1\/2 heure de la for\u00eat du Huelgoat, des monts d&rsquo;Arr\u00e9e, de Tr\u00e9varez et des enclos paroissiaux. A 40 mn de la vall\u00e9e des Saints A 1 heure de Crozon et sa presqu&rsquo;\u00eele, de Concarneau, Roscoff, Locronan. A 1h1\/2 de la pointe du Raz et de St Mathieu.<\/p>\n","protected":false},"author":1,"featured_media":0,"parent":0,"menu_order":0,"comment_status":"closed","ping_status":"closed","template":"","meta":{"_themeisle_gutenberg_block_has_review":false,"footnotes":""},"class_list":["post-80","page","type-page","status-publish","hentry","entry"],"_links":{"self":[{"href":"https:\/\/www.gitetigwen-plonevezdufaou.com\/index.php\/wp-json\/wp\/v2\/pages\/80","targetHints":{"allow":["GET"]}}],"collection":[{"href":"https:\/\/www.gitetigwen-plonevezdufaou.com\/index.php\/wp-json\/wp\/v2\/pages"}],"about":[{"href":"https:\/\/www.gitetigwen-plonevezdufaou.com\/index.php\/wp-json\/wp\/v2\/types\/page"}],"author":[{"embeddable":true,"href":"https:\/\/www.gitetigwen-plonevezdufaou.com\/index.php\/wp-json\/wp\/v2\/users\/1"}],"replies":[{"embeddable":true,"href":"https:\/\/www.gitetigwen-plonevezdufaou.com\/index.php\/wp-json\/wp\/v2\/comments?post=80"}],"version-history":[{"count":15,"href":"https:\/\/www.gitetigwen-plonevezdufaou.com\/index.php\/wp-json\/wp\/v2\/pages\/80\/revisions"}],"predecessor-version":[{"id":224,"href":"https:\/\/www.gitetigwen-plonevezdufaou.com\/index.php\/wp-json\/wp\/v2\/pages\/80\/revisions\/224"}],"wp:attachment":[{"href":"https:\/\/www.gitetigwen-plonevezdufaou.com\/index.php\/wp-json\/wp\/v2\/media?parent=80"}],"curies":[{"name":"wp","href":"https:\/\/api.w.org\/{rel}","templated":true}]}}

Autour de Plonévez du Faou

<div class="wp-block-columns is-layout-flex wp-container-core-columns-is-layout-9d6595d7 wp-block-columns-is-layout-flex">
<div class="wp-block-column is-layout-flow wp-block-column-is-layout-flow">
<figure class="wp-block-image size-full"><img loading="lazy" decoding="async" width="600" height="600" src="https://www.gitetigwen-plonevezdufaou.com/wp-content/uploads/2024/10/huelgoat.jpg" alt="La forêt du Huelgoat et son chaos. Le champignon" class="wp-image-86" srcset="https://www.gitetigwen-plonevezdufaou.com/wp-content/uploads/2024/10/huelgoat.jpg 600w, https://www.gitetigwen-plonevezdufaou.com/wp-content/uploads/2024/10/huelgoat-300x300.jpg 300w, https://www.gitetigwen-plonevezdufaou.com/wp-content/uploads/2024/10/huelgoat-150x150.jpg 150w" sizes="auto, (max-width: 600px) 100vw, 600px" /><figcaption class="wp-element-caption">La forêt du Huelgoat et son Chaos, photo du champignon</figcaption></figure>
</div>



<div class="wp-block-column is-layout-flow wp-block-column-is-layout-flow">
<figure class="wp-block-image size-full"><img loading="lazy" decoding="async" width="410" height="307" src="https://www.gitetigwen-plonevezdufaou.com/wp-content/uploads/2026/03/20260102_101034-1.jpg" alt="Les monts d'Arrée, St Michel de Brasparts" class="wp-image-190" srcset="https://www.gitetigwen-plonevezdufaou.com/wp-content/uploads/2026/03/20260102_101034-1.jpg 410w, https://www.gitetigwen-plonevezdufaou.com/wp-content/uploads/2026/03/20260102_101034-1-300x225.jpg 300w" sizes="auto, (max-width: 410px) 100vw, 410px" /><figcaption class="wp-element-caption">Les monts d&rsquo;Arrée, St Michel de Brasparts</figcaption></figure>
</div>
</div>



<div class="wp-block-columns is-layout-flex wp-container-core-columns-is-layout-9d6595d7 wp-block-columns-is-layout-flex">
<div class="wp-block-column is-layout-flow wp-block-column-is-layout-flow">
<figure class="wp-block-image size-full"><img loading="lazy" decoding="async" width="576" height="768" src="https://www.gitetigwen-plonevezdufaou.com/wp-content/uploads/2024/10/P1040750.jpg" alt="Vallée des Saints, statue de Ste Gwenn" class="wp-image-85" srcset="https://www.gitetigwen-plonevezdufaou.com/wp-content/uploads/2024/10/P1040750.jpg 576w, https://www.gitetigwen-plonevezdufaou.com/wp-content/uploads/2024/10/P1040750-225x300.jpg 225w" sizes="auto, (max-width: 576px) 100vw, 576px" /><figcaption class="wp-element-caption">La vallée des Saints, la statue de Ste Gwenn</figcaption></figure>
</div>



<div class="wp-block-column is-layout-flow wp-block-column-is-layout-flow">
<p>Plonévez du Faou à 1/2 heure de la forêt du Huelgoat, des monts d&rsquo;Arrée, de Trévarez et des enclos paroissiaux.</p>



<p>A 40 mn de la vallée des Saints</p>



<p>A 1 heure de Crozon et sa presqu&rsquo;île, de Concarneau, Roscoff, Locronan.</p>



<p>A 1h1/2 de la pointe du Raz et de St Mathieu.</p>
</div>
</div>



<div class="wp-block-columns is-layout-flex wp-container-core-columns-is-layout-9d6595d7 wp-block-columns-is-layout-flex">
<div class="wp-block-column is-layout-flow wp-block-column-is-layout-flow">
<figure class="wp-block-image size-large"><img loading="lazy" decoding="async" width="1024" height="768" src="https://www.gitetigwen-plonevezdufaou.com/wp-content/uploads/2024/10/DSCN4450-1024x768.jpg" alt="Chaos de Mardoul à Brénilis" class="wp-image-83" srcset="https://www.gitetigwen-plonevezdufaou.com/wp-content/uploads/2024/10/DSCN4450-1024x768.jpg 1024w, https://www.gitetigwen-plonevezdufaou.com/wp-content/uploads/2024/10/DSCN4450-300x225.jpg 300w, https://www.gitetigwen-plonevezdufaou.com/wp-content/uploads/2024/10/DSCN4450-768x576.jpg 768w, https://www.gitetigwen-plonevezdufaou.com/wp-content/uploads/2024/10/DSCN4450-1536x1152.jpg 1536w, https://www.gitetigwen-plonevezdufaou.com/wp-content/uploads/2024/10/DSCN4450-2048x1536.jpg 2048w" sizes="auto, (max-width: 1024px) 100vw, 1024px" /><figcaption class="wp-element-caption">Le chaos de Mardoul sur la commune de Brénilis dans les monts d&rsquo;Arrée</figcaption></figure>
</div>



<div class="wp-block-column is-layout-flow wp-block-column-is-layout-flow">
<figure class="wp-block-image size-full"><img loading="lazy" decoding="async" width="280" height="187" src="https://www.gitetigwen-plonevezdufaou.com/wp-content/uploads/2024/10/280px-Facade_Nord_Trevarez.jpg" alt="Château de Trévarez à St Goazec" class="wp-image-81"/><figcaption class="wp-element-caption">Le château de Trévarez et son parc, commune de St Goazec</figcaption></figure>
</div>
</div>



<div class="wp-block-columns is-layout-flex wp-container-core-columns-is-layout-9d6595d7 wp-block-columns-is-layout-flex">
<div class="wp-block-column is-layout-flow wp-block-column-is-layout-flow">
<figure class="wp-block-image size-large"><img loading="lazy" decoding="async" width="1024" height="768" src="https://www.gitetigwen-plonevezdufaou.com/wp-content/uploads/2026/03/P1030887-1024x768.jpg" alt="Presqu'île de Crozon, la falaise" class="wp-image-222" srcset="https://www.gitetigwen-plonevezdufaou.com/wp-content/uploads/2026/03/P1030887-1024x768.jpg 1024w, https://www.gitetigwen-plonevezdufaou.com/wp-content/uploads/2026/03/P1030887-300x225.jpg 300w, https://www.gitetigwen-plonevezdufaou.com/wp-content/uploads/2026/03/P1030887-768x576.jpg 768w, https://www.gitetigwen-plonevezdufaou.com/wp-content/uploads/2026/03/P1030887-1536x1152.jpg 1536w, https://www.gitetigwen-plonevezdufaou.com/wp-content/uploads/2026/03/P1030887-2048x1536.jpg 2048w, https://www.gitetigwen-plonevezdufaou.com/wp-content/uploads/2026/03/P1030887-1568x1176.jpg 1568w" sizes="auto, (max-width: 1024px) 100vw, 1024px" /><figcaption class="wp-element-caption">bord de côtes de la presqu&rsquo;île de Crozon</figcaption></figure>
</div>



<div class="wp-block-column is-layout-flow wp-block-column-is-layout-flow">
<figure class="wp-block-image size-full"><img loading="lazy" decoding="async" width="547" height="410" src="https://www.gitetigwen-plonevezdufaou.com/wp-content/uploads/2026/03/enclos-saint-thegonnec_8.jpg" alt="Enclos paroissiaux, église de St Thégonnec" class="wp-image-221" srcset="https://www.gitetigwen-plonevezdufaou.com/wp-content/uploads/2026/03/enclos-saint-thegonnec_8.jpg 547w, https://www.gitetigwen-plonevezdufaou.com/wp-content/uploads/2026/03/enclos-saint-thegonnec_8-300x225.jpg 300w" sizes="auto, (max-width: 547px) 100vw, 547px" /><figcaption class="wp-element-caption">L&rsquo;église de St Thégonnec et son enclos paroissial</figcaption></figure>
</div>
</div>



<div class="wp-block-columns is-layout-flex wp-container-core-columns-is-layout-9d6595d7 wp-block-columns-is-layout-flex">
<div class="wp-block-column is-layout-flow wp-block-column-is-layout-flow"></div>



<div class="wp-block-column is-layout-flow wp-block-column-is-layout-flow"></div>
</div>

<p>Plonévez du Faou à 1/2 heure de la forêt du Huelgoat, des monts d&rsquo;Arrée, de Trévarez et des enclos paroissiaux. A 40 mn de la vallée des Saints A 1 heure de Crozon et sa presqu&rsquo;île, de Concarneau, Roscoff, Locronan. A 1h1/2 de la pointe du Raz et de St Mathieu.</p>
